is the thousands digit of j?
3
Suppose 0 = -2*d + 5*z + 5505, 0 = -2*d + 3*d + z - 2742. What is the thousands digit of d?
2
Suppose 3*s - 16 = 5*o + 19, 77 = 5*s + o. What is the tens digit of s?
1
Let a = 77 + -62. What is the units digit of (206/a - (-6)/(-15))*6?
0
Suppose c + c = -4*y + 8, -24 = -2*y + 4*c. Suppose 0 = y*a - 4. Let s(u) = 14*u**2 - u + 2. What is the units digit of s(a)?
5
Let a = 21 - 22. Let k(q) = -80*q + 2. What is the tens digit of k(a)?
8
Let o be (17 + -5)*(-2)/(-2). Let u = o - 11. What is the tens digit of (-1421)/(-28) - u/(-4)?
5
Let z be 20/(-2) - (7 + -7). Let t = -5 - z. Suppose 0 = -t*h + 1 + 74. What is the units digit of h?
5
Suppose 23*b - 35*b + 4944 = 0. What is the hundreds digit of b?
4
Suppose 2*b + 1 = -19. What is the units digit of (-4)/(-6)*6*(-515)/b?
6
Let j(g) be the first derivative of g**4/4 - 11*g**3/3 - 33*g**2/2 + 24*g + 45. What is the hundreds digit of j(14)?
1
What is the thousands digit of (-6)/(-4) - (-5 + 30596/(-8))?
3
Suppose 3*o = -2*o + 20. Suppose -9*f = -o*f - 210. What is the tens digit of f?
4
Let q be ((-7)/4)/((-2)/(-24)). Let y = 24 + q. Suppose -y*f - 2*f + 170 = 0. What is the units digit of f?
4
Suppose -1435 = -4*a + 1365. What is the tens digit of a?
0
What is the hundreds digit of (9 - (-1035)/(-117)) + 35865/13?
7
Suppose -1695 = 14*u - 9409. What is the units digit of u?
1
Let f(u) = -56*u + 228. What is the hundreds digit of f(-5)?
5
What is the thousands digit of 3891/(-9)*540/(-60)?
3
Suppose 21 = 14*j - 7. Suppose -j*q + 231 = 5*q. What is the tens digit of q?
3
Let g be (-2 - 12/(-9))*-594. Suppose -g = -2*x + 2*q, -x = -5*q - 152 - 58. What is the tens digit of x?
9
Let p = -3293 - -5520. What is the hundreds digit of p?
2
Suppose 4*h = 2*a - 2, 0 = -2*a - 3*a + 4*h + 29. Suppose x = 5*v - a, -v + 5*v - 13 = -5*x. What is the units digit of (v - (1 - -4)) + 4?
1
Let u = 15 + -8. Let v = u - 1. Suppose -v + 50 = b. What is the units digit of b?
4
Let k = 111 - 109. Suppose -3*g = 4*a - 30, 4*g + 4*a - 5*a = 21. Suppose k*v + u = 5, u = 1 - g. What is the units digit of v?
5
Let w = -1096 - -1540. What is the hundreds digit of w?
4
Let h = 0 - 0. Suppose h = -9*y + 5*y + 60. What is the tens digit of y?
1
Let s = 21 + -5. Let j = 132 - s. Suppose 2*x - 4*x = -j. What is the units digit of x?
8
Let f be (-40)/(-2)*6/2. Let c = 88 - f. What is the tens digit of (-8)/c - 135/(-7)?
1
Suppose 137*i - w + 4368 = 139*i, -2177 = -i - 4*w. What is the thousands digit of i?
2
Let o(w) = -w**2 + 9*w - 4. Suppose 6*g - 3*g + 131 = 5*y, -4*g + 96 = 3*y. Suppose u = -3*u + y. What is the units digit of o(u)?
0
Let y(t) = t**2 + 2*t. Let c(p) = -p**3 + 7*p**2 - 3. Let r be c(7). Let g be y(r). Suppose 3*q - 44 = -m - 2*q, 91 = 4*m + g*q. What is the units digit of m?
9
Let s be 33/5 - 6/(-15). Let t be 530*s/((-140)/(-8)). Suppose 5*d - t = 53. What is the tens digit of d?
5
Let j(v) = v**3 - 7*v**2 - v + 10. Suppose 4*s + 21 = 7*s. Let h be j(s). Suppose 13 - 178 = -h*n + 3*m, -4*n + 200 = m. What is the tens digit of n?
5
Let l(y) = -3*y + 5. Let d(m) = 3*m - 5. Let g(x) = 2*d(x) + 3*l(x). What is the units digit of g(-17)?
6
Suppose 5*a - 1355 - 1294 = -4*m, 4*a + 1344 = 2*m. What is the hundreds digit of m?
6
What is the tens digit of (-1230)/(-2) + 0 - (36 + -41)?
2
Let j(c) = c**3 - 36*c**2 - 38*c + 42. Let b be j(37). Suppose -2*n + 21 = 7. Suppose 2*w + 28 = -g + 5*g, b*w + n = 3*g. What is the units digit of g?
9
Suppose 51*v - 82858 - 42653 = 0. What is the thousands digit of v?
2
Let x be 6/(-2) + (-20)/(-4). Suppose -3*z + x*a + 0*a + 300 = 0, -a = 5*z - 500. What is the tens digit of z?
0
Let s(j) = 174*j + 3. What is the units digit of s(5)?
3
Suppose 20 - 5 = 3*i. Let c = i - 2. What is the units digit of 6/(c - 6/4)?
4
Let r(o) = 2*o**3 + 2*o**2 + 3*o - 2. Suppose 8 = 6*s - 2*s. What is the tens digit of r(s)?
2
Let s be -5*1 + (-1 - -5). Let a = -67 - -3. What is the units digit of -4 + 4 + s - a?
3
Let k(o) = 16*o**2 + 25*o - 6. What is the hundreds digit of k(-9)?
0
Let g(h) = h**3 - 7*h**2 - 1. Let p be g(7). Let t be (-5)/15*(p - 11). Suppose t*r - 21 = 7. What is the units digit of r?
7
Suppose -5*g - 34 + 124 = 0. Let a = g - 14. Suppose -a*b + 34 = -2*p, 5*b - 3*p - 45 + 4 = 0. What is the units digit of b?
0
Let b(d) = d**2. Let w be b(-2). Suppose a + 24 = w*a. Suppose -3*r + a = 2, 2*j + r = 64. What is the units digit of j?
1
Let n = 10 + -8. Suppose -2*t + 143 = 5*x, -2*x + 5*x + 119 = n*t. Suppose 5*z - 3*z - t = -3*a, -3*z + 93 = 3*a. What is the units digit of z?
9
Let h(q) = -q**2 - 5*q - 3. Let l be h(-5). Suppose 0 = -13*o + 8*o - 3750. What is the units digit of (-1)/l - o/18?
2
Suppose -5*h + 4*h = -4. Suppose -3*f + h*x + x = -35, f = -2*x - 3. Suppose 0 = -w + 46 - f. What is the tens digit of w?
4
Let m = 103 + -153. What is the units digit of (-1206)/(-4)*m/(-75)?
1
Let x be 5/40*-4 + 49/2. Let q = 21 + x. What is the tens digit of q?
4
Let v(q) = q**3 + 25*q**2 - 14*q - 39. What is the units digit of v(-25)?
1
What is the hundreds digit of 72208/80 - 6/(-15)?
9
Suppose j - 5 = 5*h, 0 = 4*h - 7 + 15. Let a(r) = -r + 4. Let t(u) = -11. Let i(w) = 2*a(w) + t(w). What is the units digit of i(j)?
7
Let r = 2074 - 653. What is the thousands digit of r?
1
Let a be ((-87)/(-12))/(1/4). Let f = 34 - a. Suppose -5*v + f*w - 2*w + 155 = 0, 3*v + 5*w - 127 = 0. What is the units digit of v?
4
Let v be (-2)/(1 + 27/(-24)). Let c = 32 + v. What is the units digit of c?
8
Suppose 7*p - 8 = 3*p. What is the units digit of 13/(-13)*(-160)/p?
0
Suppose -a - 3*a = 0. Suppose a = -s + 2 - 1. What is the tens digit of 1 + (-141)/(-2 - s)?
4
Suppose 3*k = 5*d - 12299, -4*d + 9573 = 4*k - 279. What is the hundreds digit of d?
4
Let k(x) = x + 6*x - 11 - 7*x + 5*x + 18*x**2. Let r be k(-5). Suppose 5*n - r = -n. What is the tens digit of n?
6
Let m = 1531 + -683. What is the tens digit of m?
4
Let n be ((-7)/4)/(5/(-20)). Let u = 6 - n. What is the units digit of u + 4 - 0 - -2?
5
Suppose 2*p - 153 = 51. Let r = p + -41. What is the units digit of r?
1
Let r(v) = v**2 - 4*v - 7. Let h be r(5). Let k be (-2)/2 - h - 0. Suppose 5*b + 9 + k = 0, -5*p + 58 = b. What is the tens digit of p?
1
Suppose g - 1 - 3 = 0. Suppose 3*u - g = -f, -35 = -5*u + f + 3*f. Suppose -n - 38 = -u*n. What is the units digit of n?
9
Suppose -29*d + 32*d = 15381. What is the tens digit of d?
2
Suppose 4*n - 480 = 3*z + 269, 0 = 3*n - 3*z - 561. What is the tens digit of n?
8
Let f = 3 - 0. Suppose -f*c + 6 = -2*c. Suppose i - c = -1. What is the units digit of i?
5
What is the units digit of (0 - 1)/((-10)/(1890/7))?
7
What is the tens digit of 10394/20 - (-249)/830?
2
Suppose -3*u + l - 5 = -37, -u = 2*l + 1. Let n = u + -7. Suppose -21 - 25 = -n*c. What is the units digit of c?
3
What is the tens digit of 4/(-42) + 1416534/441?
1
Let g(i) = -2*i**2 + 5 - 2*i + 3*i**2 - i. Let l be g(0). Suppose 3*o - 2*c = -5 + 84, 3*c + 133 = l*o. What is the tens digit of o?
2
Let u(v) = v - 1. Let h be u(1). Suppose 2*p + 6 = l, l + 0*l + 5*p - 34 = h. Let x = l - -26. What is the tens digit of x?
4
Let k(y) = y**3 + 11*y**2 + 3*y - 17. Let s be k(-11). What is the hundreds digit of ((-40)/s)/(2/340)?
1
What is the tens digit of (-12)/(-114) + 18124/19?
5
Suppose -852*v + 851*v = -2005. What is the hundreds digit of v?
0
Let p = 24 - 24. Suppose p = 5*f - 5 - 20. Suppose 8*j - 81 = f*j. What is the units digit of j?
7
Let j be -2 + 0 - (2 - 6). Let y be (-3)/2*(-16)/12. Suppose -3*t = -y*p - 2*p - 101, -j = p. What is the tens digit of t?
3
What is the tens digit of (3783/(-78))/((-1)/(-2) - 1)?
9
Let b(g) = -29*g**2 - 2*g + 1. Suppose -4 = -3*i - 2*c, -6*c = -2*c - 20. Let t be b(i). Let r = -69 - t. What is the tens digit of r?
4
Let r be (-1)/(-2) + (-325)/10 + 2. What is the units digit of r/(-4)*(-208)/(-6)?
0
Suppose -2*n - 2 = -4*c, -10 = 5*n - c - 4*c. What is the units digit of ((-1449)/84)/(n/16)?
2
Let v = -354 + 611. What is the hundreds digit of v?
2
Let j = -462 - -882. What is the units digit of 2/4 - j/(-8)?
3
Suppose 7*y - 778 = 41. Let r = y + -47. What is the units digit of r?
0
Let r be -4 + 61*(-4)/(-4). Let v = r - 11. What is the tens digit of v?
4
Let p be 1/(3/(18